5*o + 0*o - 75 = 0. Suppose -2*w = 3*y - 57, 4*y - y + o = 0. Suppose -w = -4*n + 16. Is n a prime number?
True
Let u = -877 + 1620. Is u a composite number?
False
Let q(o) be the first derivative of -5*o + 2 + 9/2*o**2. Is q(6) a composite number?
True
Suppose -4*a = 6*v - v - 824, -20 = -5*v. Let p = 22 + a. Is p a prime number?
True
Let r(s) = -s**2 + 8*s - 3. Let x be r(6). Suppose 0 = -3*d + x, 5*c + 6*d - 650 = d. Is c a prime number?
True
Suppose -2*z = -g + 2*z - 9, 2*z = 2*g + 12. Is g/(-2)*(-762)/(-15) a prime number?
True
Suppose -4*z - 3*c + 4 = -7*c, 0 = 5*z - 4*c - 6. Let y(m) = 2*m**z - 2*m**3 + 14*m + 6*m**2 + 0*m**3 - 6 + m**3. Is y(9) prime?
False
Suppose -1 - 1 = -k. Suppose -3*j = -5*j. Suppose 3*i + 3 = j, -2*l - l - k*i = -109. Is l prime?
True
Let d = 6138 + -4345. Is d prime?
False
Let c(t) = -31*t - 1. Is c(-6) prime?
False
Let j(x) = -4*x**2 + 2*x - 15. Let q(l) = -3*l**2 + l - 10. Let h(a) = 5*j(a) - 7*q(a). Let k be h(5). Suppose 3*v + 2*v - k = 0. Is v prime?
True
Suppose 0 = -5*m - 10, 3*q + 3*m = -0*q - 342. Suppose -5*c + 249 = -606. Let p = c + q. Is p a prime number?
True
Let a be 3/(-6)*-2*358. Suppose 4*m - b - a = b, 0 = 5*m + b - 430. Is m prime?
False
Let n(l) = l - 4 - 3*l**2 + 3*l - 5*l**2 - 2*l**3 + 1. Let r be n(6). Is (2 - 3)/(3/r) a prime number?
True
Is 5/3 + -1 + (-3811)/(-3) a prime number?
False
Let n(u) = 2*u + 16. Let y be n(-7). Suppose -2*x + 236 = y*x. Is x a prime number?
True
Suppose 2*b - b + 2 = 4*x, -15 = -5*x - 5*b. Let k = 8 - x. Is k prime?
True
Let g = -432 - -619. Is g prime?
False
Let j = -19 + 58. Let g = j - 18. Is g composite?
True
Let z(q) = 2*q**2 + q + 0*q - q**3 + 5*q**3. Let u be z(-1). Is -1*(u - -4) + 7 a prime number?
False
Is ((-654)/1)/(-5 + 3) a composite number?
True
Suppose -i + 5*x = -5*i + 7046, -4*i = x - 7038. Is i a prime number?
True
Suppose -o = -4*v - 28, -9 = -5*v + 11. Suppose -6*w = -2*w - o. Is w a prime number?
True
Suppose 67 = j - 62. Suppose 0 = 4*n - j - 59. Is n composite?
False
Let s = 0 - -2. Let p(m) = -3*m**3 + 2*m**2 + 11*m - 2. Let q(o) = -o**3 + o**2 + 6*o - 1. Let j(y) = -6*p(y) + 11*q(y). Is j(s) composite?
False
Let v(r) = -r**2 + 6*r + 7. Let a be v(7). Suppose 3*u + a*x = -2*x + 777, 505 = 2*u - 3*x. Is u a prime number?
True
Let o(v) = 4*v. Let c be o(1). Let f be 31/(-3) - 1/(-3). Is (-1 - c)*66/f prime?
False
Let f = 50 - 37. Is f prime?
True
Let t(w) = 15*w - 2. Suppose 0 = 2*j - 1 - 13. Is t(j) composite?
False
Let j be (0 + -1)*(29 - 0). Let o = 6 - j. Is o a composite number?
True
Let c = 607 - 116. Suppose r = -5*q + 1119, 4*r = -4*q + c + 417. Is q composite?
False
Suppose -8*j + 5*j = 0. Suppose -5*y = -p - 16, 5*p + 2*y + 16 - 44 = j. Suppose 4*x - 3*o = -x + 83, 0 = x + p*o - 35. Is x a composite number?
False
Let j be 37/(2*(-2)/(-12)). Is j*-3*1/(-9) prime?
True
Let z(x) = 66*x**2 + 2 - 18*x**2 - 3 - 4*x. Is z(3) prime?
True
Let g(a) = a**3 - 7*a**2 - 7*a - 5. Let k be g(8). Let b = 266 + k. Is b a prime number?
True
Let l(a) = -3*a**3 - a**2 - 14*a - 19. Is l(-6) a composite number?
False
Let f(u) = -38*u + 13. Is f(-3) composite?
False
Suppose 0*r + h = 2*r - 9, -5*r + 23 = -2*h. Suppose -r*p = -96 - 139. Is p composite?
False
Let m(k) = 2*k**3 - 4*k**2 + 3. Let c be m(-3). Let y = 246 + c. Is y composite?
True
Let u(g) = -2*g - 2. Let o be u(5). Let y be o*(-1 + 1 - -2). Let t = y - -45. Is t a composite number?
True
Let l be (-4)/10 + (-37)/(-5). Is 4/14 - (-887)/l prime?
True
Suppose 6 = 3*g - 0, -w - 3*g + 5 = 0. Is 388 + (0 - w) + 0 a composite number?
False
Suppose -4*d - 456 = -4*b, -4*b - 4*d - 112 = -600. Suppose w - b = -w. Is w a prime number?
True
Let m = -7 - -6. Let d(a) = 22*a**2 + 2*a + 1. Is d(m) prime?
False
Suppose 4*y = 2*z - 746, -2*y + 1810 = 5*z - 55. Is z composite?
False
Suppose -2*w = -1118 + 288. Suppose -4*o + w = -69. Is o a prime number?
False
Suppose -58 = 5*b - 4*q - 843, -628 = -4*b + q. Is b prime?
True
Let j be 3 - 2 - (-156 + -2). Let n = j - 90. Is n prime?
False
Let r(h) = 105*h**2 + 3*h + 2. Let m(p) = p + 1. Let a(g) = -2*m(g) + r(g). Let f be a(1). Suppose -k = k - f. Is k a prime number?
True
Let u be ((-3 - -3)/3)/(-2). Suppose -5*p = -3*n - 164 - 215, u = 3*p + n - 233. Is p composite?
True
Let y = 1719 - 701. Let x = -599 + y. Is x prime?
True
Suppose 0 = -t - 279 + 58. Let f = t + 535. Is f a composite number?
True
Suppose r + 7 = 2*r - 4*x, 5*r = 4*x + 99. Is (r/(-4))/(3/(-84)) prime?
False
Let j = -8 - -131. Is j a composite number?
True
Suppose 2*n - 2*d + 6 = n, 9 = n + d. Suppose 4 = 2*c - n. Suppose c*o - 441 + 81 = -4*g, 0 = 3*o - 3*g - 276. Is o composite?
True
Suppose 5*n = -5*p - 1132 + 4317, 4*n - 2*p = 2536. Is n composite?
True
Let g(j) = j**2 + j - 1. Let y be g(2). Suppose 3*s + 123 = 4*p - 49, 3*s + 215 = y*p. Suppose 0 = -r + p + 34. Is r composite?
True
Suppose 0*n + 95 = 5*n. Let t = -77 + n. Is -1*(2 + -1)*t prime?
False
Let f(o) = -o**3 - 5*o**2 - 6*o - 5. Let w be f(-4). Suppose 0 = w*s + 4 + 5. Is -21*s/((-27)/(-6)) a composite number?
True
Suppose s - 3*d - 166 = 47, -4*s + d = -841. Let f = s - 19. Is f composite?
False
Let q(x) = x**2 - 25*x - 1. Let o be q(14). Let v = o - -282. Is v composite?
False
Suppose -3*i + 4*i - 1502 = 0. Is i composite?
True
Suppose 6*z + 10 = 11*z. Suppose 0 = y + 4*y + z*s - 1441, -3*y = -5*s - 846. Is y a prime number?
False
Suppose -85 = 2*v + 203. Let g = v - -250. Is g a prime number?
False
Let j be 0 - -215 - 4/2. Let f = j + -54. Is f a prime number?
False
Let u be (-2 + (-274)/4)*-2. Suppose 7*b - 3*b + 62 = r, 0 = 3*r - 3*b - 213. Let c = u - r. Is c a prime number?
True
Let j(d) = 2*d**3 + d + 1. Let q be j(-1). Is q*(-5)/(-2)*-37 composite?
True
Let w(d) = 29*d**2 + 4*d - 5. Let y be w(2). Let f be (-4)/(-10) + (-303)/(-5). Let v = y - f. Is v prime?
False
Is 4/20 + (-338)/(-10) prime?
False
Suppose 2*o = -3*x + 17 + 10, 5*x - 45 = 2*o. Let q(y) = 2*y + 10. Let i be q(x). Suppose d - 5*d = -i. Is d prime?
True
Let v = -15 + 37. Let y = v + 57. Is y a prime number?
True
Let c = 9 + -14. Is (-117)/c - (-8)/(-20) a composite number?
False
Is (2/(-6))/(6/(-8406)) a composite number?
False
Let l(y) = y. Let a(n) = -5*n**2 + 3*n + 3. Let z(p) = -a(p) + 2*l(p). Is z(-5) prime?
True
Is 2/(((-20)/(-298))/5) prime?
True
Let y(t) = -t**2 + 13*t. Suppose 4*p + 0*x - 40 = 2*x, 4*p = -5*x + 54. Is y(p) a prime number?
False
Suppose 6*k - 2*k = -4*i + 2296, 5*i + 4*k = 2869. Let j = -200 + i. Is j prime?
True
Let r = -42 + 117. Let z = 224 - r. Is z a prime number?
True
Suppose -4*b + 2824 = -0*b - 5*o, -2792 = -4*b - 3*o. Is b a composite number?
False
Let z(j) = -40*j**3 + j**2 - 3*j + 4. Let t(p) = -p**3 + p - 1. Let g(y) = -5*t(y) - z(y). Is g(2) composite?
False
Let h = 3 + -8. Let l(w) = w**3 + 5*w**2 - 4*w - 5. Is l(h) a composite number?
True
Let o = -4 - -7. Suppose -q + 6 + o = 0. Is 4/6 + 867/q composite?
False
Let x be 0/(-4) - (6 + -2). Let p(j) be the third derivative of j**6/120 + j**5/20 - j**4/6 + 2*j**3/3 - j**2. Is p(x) a composite number?
True
Let c be (2 - -3)*(1 - 1865/25). Let m be (-1 + 0)/((-2)/(-474)). Let j = m - c. Is j a composite number?
False
Suppose -v + 0*v + 369 = 0. Is v/33 - 2/11 prime?
True
Suppose 2*a + 2 = 5*r, a = 2*r - 4 + 3. Suppose r = f - 5*f + 436. Is f composite?
False
Suppose -3*b + 3*p = -873, 0 = -2*p - p + 6. Is b a composite number?
False
Let x = 8 - 4. Let w = -16 + 21. Suppose -2*a = u - 122 + 17, 0 = -w*a + x*u + 295. Is a prime?
False
Suppose 494 = -4*f + 5*m + 1805, -4*f = -m - 1331. Is f a prime number?
False
Suppose -3*x + 988 = -3*s + 205, 4*x = 2*s + 1052. Is x composite?
True
Is (2/2)/((-2)/(-5630)) prime?
False
Let f be (0 - -1)*(4 - 2). Suppose f*k = -z + 280, -3*z + 0*k = 3*k - 831. Let y = z - 63. Is y a prime number?
True
Suppose -2*h + 4*y + 356 = 0, 6*y = -5*h + y + 950. Is h/5 - (-8)/(-40) composite?
False
Suppose -4*x + 3*x + 211 = 0. Is x a composite number?
False
Let a(s) = -s**3 + 4*s**2 - s. Let g be a(3). Let q(f) = 2*f - 3. Is q(g) prime?
False
Suppose 0 = -2*m - 10, 0 = 3*b + 4*m + 9 + 2. Suppose -b*n = g - 10, -g - 1 = -n - 3. Is (n/(-4))/(2/(-60)) prime?
False
Let b be (3/(-2))/(-3)*0. Suppose -5*r + 2*u + 25 = -3*u, b = 5*r + u - 37. Is r a